2 + 2*r - 3. What is b(z)?
5
Suppose 0 = -3*a - 4*n - 5, 5*a + 3*n = -n - 11. Let j(i) = -i. Calculate j(a).
3
Let f be (-2)/(720/(-159)) + (-2)/5. Let l(u) be the third derivative of -2*u**2 - 1/6*u**3 - f*u**6 + 0*u**4 + 0 + 0*u + 1/30*u**5. Calculate l(-1).
6
Suppose -2 = -a - 1. Let h(m) = -2*m**2. What is h(a)?
-2
Let t(b) be the third derivative of b**4/24 - b**3/6 + 2*b**2. Let f be t(6). Let v(p) = 0*p**2 + f - 3*p**2 - p**3 - 4. Give v(-2).
-3
Suppose -2*m = -0*m - 8. Let k be 8*1/m*2. Let y(l) = 2*l - 4. What is y(k)?
4
Let s(w) = 3*w**3 + 1 - 5*w - 7*w**2 + 3*w - 2*w**3. Determine s(7).
-13
Let b(n) = n**2 + 2*n - 9. Let c be b(-4). Let a(v) = 4*v. Give a(c).
-4
Let g(z) = -z**2 + 3*z**2 + z**3 + 2 + 0*z**3. Suppose -3 = 3*f - 2*f. Let n = f + 1. Determine g(n).
2
Let w(q) = 5*q**2 - 11*q - 2. Let r(y) be the third derivative of y**5/30 - 5*y**4/24 - y**3/6 + 3*y**2. Let v(m) = 7*r(m) - 3*w(m). Determine v(-3).
-4
Suppose 10*h = 9*h. Let y(f) = f**2 + f + 2. Calculate y(h).
2
Let j(y) be the second derivative of y**6/120 - y**5/20 - y**4/24 + y**3/2 - 3*y**2/2 + 3*y. Let n(s) be the first derivative of j(s). Calculate n(3).
0
Let q(c) = -5*c**2 - c - 1. Let s(x) = -x**2 + x. Let p(d) = -q(d) - s(d). Let l be p(-1). Suppose -a + 3 - l = 0. Let v(n) = n + 1. Give v(a).
-3
Let d = 8 - 6. Suppose -2*x - 4 = 2*s, 0 = -d*s + 4*s - 2*x - 8. Let n(m) = -3*m**2 + m - 1. Give n(s).
-3
Suppose 0 = 7*o - 2*o - 10. Suppose -o*j - 2 = -j. Let z(s) = s**2 - 1. Give z(j).
3
Let y(z) be the second derivative of 1/3*z**3 + 4*z + 1/2*z**2 + 1/3*z**4 + 0 + 1/20*z**5. Give y(-4).
-7
Let w(y) be the third derivative of y**7/2520 + y**6/120 + y**5/40 + y**4/24 - 5*y**2. Let o(f) be the second derivative of w(f). Calculate o(-6).
3
Let y(v) be the second derivative of -7/2*v**2 + 0 + v - 1/2*v**4 + 1/20*v**5 + 4/3*v**3. Determine y(5).
8
Let j(d) = 2*d**2 + 7 + 7*d - 2*d - d**2. Calculate j(-5).
7
Let q(x) = 3*x + x**2 - 5*x + 0*x**2 + 5*x + 2. Calculate q(-3).
2
Let a(v) = 2*v + 4. Let q(l) = -l**3 + 8*l**2 - 12*l + 4. Let p be q(6). Give a(p).
12
Let c(y) = y**3 - 2*y**2. Let k be c(2). Let a be 0 - (k - (-1 + -2)). Let d(b) = b + 6. What is d(a)?
3
Let b be (12/2)/(-12 + 14). Let l(w) = 8*w**2 + 11*w + 1. Let c(v) = -3*v**2 - 4*v. Let p(j) = 11*c(j) + 4*l(j). Calculate p(b).
-5
Let g = 0 - -1. Let t be (-1 - 0) + 0 + g. Let n(a) = a**2 - 5*a - 7. Let w(c) = -c**2 + 4*c + 5. Let h(z) = -5*n(z) - 6*w(z). Give h(t).
5
Let k(l) = l**2 + 8*l - 7. Let g be k(-8). Suppose -10*i - 8 = -14*i. Let n(f) = 21*f**2 + 6 - 22*f**i - 3*f - 4*f. Calculate n(g).
6
Let f(l) be the third derivative of -1/60*l**5 + 5/6*l**3 + 1/8*l**4 + 0 - l**2 + 0*l. Determine f(4).
1
Let w(q) be the third derivative of q**5/60 - q**4/24 - q**2. Let g = -3 + 1. Determine w(g).
6
Let h be 1*(-2 + 4) - 8. Let x = h + 0. Let c(s) = s + 5. Calculate c(x).
-1
Let w be ((-3)/9)/((-1)/3). Let x be w/2 - 27/6. Let f(t) = -2*t + 13*t**2 - 12*t**2 - 3*t + 7*t - 1. Determine f(x).
7
Let r(f) = f**3 - 4 + 0*f**3 + 8*f + 4*f**2 - 5*f. Calculate r(-3).
-4
Let c(t) = -10 - 6*t**2 + 9 + 7*t - 9*t. Determine c(-1).
-5
Suppose 5*b + 7 = 3*x, 4*x = -b + 9*x - 19. Suppose p + 0*p = -b. Let z(n) be the third derivative of -n**6/60 - n**5/30 - n**4/24 - n**2. Calculate z(p).
1
Let r(a) = a + 2. Let s be (-10)/(-3) - 2/(-3). Suppose 20 = s*u - 5*z, 2*u + z = -2*z + 10. Determine r(u).
7
Suppose 0 = 5*c - 4*b + 33, -2*b + 9 = -c - 0*b. Let z be (4/c)/((-2)/15). Let u(o) = o - 6. What is u(z)?
0
Let q(c) = -c**2 - 8*c. Let s be q(-7). Suppose x = s - 9. Let v(f) = -6*f + 2. Let n(l) = 11*l - 3. Let o(h) = 3*n(h) + 5*v(h). Determine o(x).
-5
Let f(r) = -2*r**3 + 2*r**2 + r + 2. Suppose y - 1 = 4. Suppose 2*o + 21 = -5*v, -4*o - y*v - 27 = -5*o. Determine f(o).
-4
Let d(m) = -3*m**3 - 9*m**2 + 11*m - 5. Let g(q) = -q**3 - 3*q**2 + 4*q - 2. Let c(l) = -4*d(l) + 11*g(l). What is c(-3)?
-2
Let c = -18 + 32. Let j = c - 14. Let a(d) be the third derivative of d**5/60 + d**4/24 - d**3/6 + d**2. What is a(j)?
-1
Suppose -2*q + 7*q + 3*y + 10 = 0, -4*y + 40 = -4*q. Let k(p) = -p**2 - 8*p - 6. Give k(q).
9
Suppose k - 2 = 1. Let c(r) = 3 - 3*r**2 - 8*r**3 + 9*r**k - 3*r - 1 + 2*r. Suppose 0 = 2*g - 3 - 3. Give c(g).
-1
Let f(l) = l**3 - 7*l**2 - 7*l - 3. Let m be f(8). Suppose -5 = m*v + 10. Let k = v + 8. Let o(y) = -y. Give o(k).
-5
Let n(d) = d**2 - d + 11. Let b(w) = -2*w**2 + 2*w**2 + w**3 + 7*w**2 + 2*w + 4*w. Let i be b(-6). What is n(i)?
11
Let d(x) = -x**2 + 6. Let h = -26 - -26. Give d(h).
6
Let z(f) = 2*f + 2. Let a = -2 + 9. Let k be z(a). Suppose -4 = 2*b, 5*b + 4 = -2*x - k. Let v(w) = -3*w - 6. Determine v(x).
9
Let z(p) = -2*p - 3. Let k be (0 - 8)/(2 - 3). Suppose 0 = -4*d - c + 8 - 0, -13 = d + 4*c. Suppose -7 = d*u + k. What is z(u)?
7
Let c be 4/16 + 1/(-4). Suppose 2*g - 4*g = -4. Let b(z) = 3 + z**2 - 9 - g*z**2. Determine b(c).
-6
Let o(f) = -3*f**3 - 5*f**2 - 2*f. Let n(t) = -3*t - 2*t**3 - 3*t + t**3 + 5*t - 1. Let h(c) = -4*n(c) + o(c). Calculate h(4).
-4
Let o = -25 + 28. Let g(s) be the second derivative of -s**3/3 - s**2 - 3*s. Let c(z) = -2*z - 1. Let t(p) = -5*c(p) + 4*g(p). Calculate t(o).
3
Let p = -6 + 13. Suppose -2*m - 3*s = -p, -5*s + 1 + 6 = m. Let c(y) = 4*y + 6. Let u(x) = 3*x + 5. Let v(z) = -4*c(z) + 5*u(z). What is v(m)?
-1
Let g(j) be the second derivative of 3*j + 1/12*j**4 + j**2 + 2/3*j**3 + 0. What is g(-5)?
7
Let r(h) = -7*h + 26. Let m be r(3). Let j(g) be the first derivative of -g**3/3 + 7*g**2/2 - 1. Give j(m).
10
Let w(s) be the first derivative of s**4/2 + 4*s**3/3 - s**2/2 - 2*s + 29. What is w(-3)?
-17
Let s(d) = d**3 + 3*d**2 - 6*d - 4. Let m be s(-4). Let t = 3 - 2. Suppose 0 = -m*w + t - 5. Let o(n) = 8*n - 1. What is o(w)?
-9
Let t(m) = 4*m + 8*m**2 + 119 - m**2 - 115 + m**3. Give t(-6).
16
Let b(g) = 5*g - 1. Let k be (3/(-6))/((-8)/(-16)). Give b(k).
-6
Let w be -5 - 0*3/9. Let a = -6 + 11. Let j(p) = 5*p - 3 + p**2 + 3 + a. Give j(w).
5
Suppose 0*m + 2*q = 5*m - 38, 0 = -m - 3*q + 11. Let v(k) be the third derivative of -k**5/60 + 3*k**4/8 - 11*k**3/6 - 96*k**2. Determine v(m).
-3
Let u(i) = -i**3 + i**2 + 4*i - 1. Let f(h) = h - 1. Let p be f(4). Determine u(p).
-7
Let a be -7 - (-4)/(1 - -1). Let y(i) = -i**2 - 7*i - 6. Let v be y(a). Let m(o) = -3*o**2 + v*o**2 - 5*o - o**3 + 6 + 4*o. What is m(0)?
6
Let y(s) = -4*s + 2 - 7*s**3 - 10*s**3 + 7*s**2 + 16*s**3. Calculate y(6).
14
Let h(i) = -4*i. Suppose 2*t + 2 - 6 = 0. What is h(t)?
-8
Let n(j) = 90 - 96 + 4*j - j**2 - 3*j. Calculate n(0).
-6
Let r(g) = g - 1. Let v be r(2). Let d = v - -1. Let u(a) = 2*a - 2 + 2*a - d*a. Determine u(-3).
-8
Let u be 14/4 + 2/(-4). Let h(y) = -3*y - 5*y**2 - 2*y - 4 - 2*y**3 + y**u. Let w(k) = -k**2 + 2*k + 5. Let m be w(4). Determine h(m).
-7
Let u(r) = 2*r**3 - 2*r**2 + 1. Let j be (-28)/(-36) + (-2)/(-9). Give u(j).
1
Let t(g) = -16*g**2 + 2*g**3 + 7*g - 7 + 39*g**2 - 3*g**3 - 17*g**2. Calculate t(7).
-7
Let t(j) = -2*j - 5. Suppose 5*b + 1 + 4 = -5*s, -s - 3*b - 11 = 0. Suppose -4*y - 4*r + s = 0, r + 11 = -4*y - 0*y. Determine t(y).
3
Let d(m) = m**2 - m + 1. Suppose 0*a - 2*a + 14 = 0. Suppose 3*n = a*n. What is d(n)?
1
Suppose 5*v - 23 = 4*z, -4*v + 3*z + 9 = -3*v. Let c = v + -1. Let h(t) = 2*t - 3. Give h(c).
1
Let y(x) = -2*x**3 + 3*x**2 - 3*x + 1. Suppose 2*p - 4 + 0 = 0, 48 = 2*j + 2*p. Let h = j - 20. Calculate y(h).
-9
Let g(j) be the third derivative of -j**4/12 + 2*j**3/3 - 6*j**2. What is g(5)?
-6
Let d(o) = o**3 + 6*o**2 + 4*o. Suppose 4*b = 18 - 34. Give d(b).
16
Let b(x) = x**2 - x - 12. Suppose -5 - 3 = -3*z - 2*i, 4*i = 4*z + 16. Determine b(z).
-12
Let z(p) = 6*p + 12*p - 6 - 19*p. Calculate z(-9).
3
Let d(r) = -r**2 - r - 2. Suppose -197 = -4*x - v, 0*v = x - 2*v - 38. Suppose -2*t - 3*j = -40, -x = -2*t + j - 6*j. Let c be (-4)/t - (-38)/(-14). Give d(c).
-8
Let d(t) = 0*t**3 + t**3 + 2 - 3 - 4*t**3. Determine d(1).
-4
Let m = -2 - -7. Let k(g) = -g**2 + 2*g + 5. Give k(m).
-10
Let p(i) = -i - 3. Let r be (3/6)/(1/2). Suppose 3*o + 17 = 2*o - 4*z, 3*o + z + 7 = 0. Let g be 1*(o + r)*-1. Determine p(g).
-3
Let c be 228/(-44) - 2*5/(-55). Let p(u) = u. Let n(w) be the first derivative of -3*w**2 - 6*w + 1. Let f(x) = -n(x) - 5*p(x). Calculate f(c)